What are the prime factors of h?
5
Suppose 3*v + 2*q = -43, -5*v + 7*q = 2*q + 30. Let a = v + 31. List the prime factors of a.
2, 5
Let d(b) be the first derivative of b**3/3 + b**2 + 4*b - 1. List the prime factors of d(3).
19
Let v(t) = -19*t + 17. Let y(z) = -6*z + 6. Let s(n) = 6*v(n) - 17*y(n). List the prime factors of s(-2).
2, 3
Suppose -4*c = c - 25. Suppose -8*x + 3 = -c*x. Let y = 3 - x. What are the prime factors of y?
2
Let d = -52 + 108. List the prime factors of d.
2, 7
Let w(q) be the first derivative of 2*q**2 - 3*q + 2. Let p be 10*-2*3/(-12). What are the prime factors of w(p)?
17
Let i(n) = 2*n**2 + n - 4. Let h be i(-3). Let x = -7 + h. Suppose 6*p - x*p - 4 = 0. List the prime factors of p.
2
Let n(i) = i**3 + 11*i**2 + 8*i - 6. What are the prime factors of n(-10)?
2, 7
Suppose 8 = 5*a - 7. Suppose -3*p - 192 = 3*r - 0*r, -3*p - a = 0. List the prime factors of (-4)/(-6)*r/(-6).
7
Let d(a) = -2*a - 7. Let i be d(-5). Let x = i - 7. Let g = x + 12. What are the prime factors of g?
2
Suppose 15*n + 123 = 2958. What are the prime factors of n?
3, 7
Let n = -4 - -11. Suppose n*j - 4*j = 81. What are the prime factors of j?
3
What are the prime factors of (-8)/6*18/(-2)?
2, 3
Let j = -34 + 151. List the prime factors of j.
3, 13
List the prime factors of -3*(1355/(-75) - (-2)/5).
53
Let o(x) be the third derivative of -5/3*x**3 + 0 - 1/120*x**6 - x**2 + 2/15*x**5 - 5/24*x**4 + 0*x. List the prime factors of o(7).
2
Let v = 36 + 60. List the prime factors of v.
2, 3
Let p = 33 + -21. Let w = -34 - -72. Suppose -5*y + w = -p. What are the prime factors of y?
2, 5
Suppose 0 = 2*j + 2*j - 312. What are the prime factors of (2/3)/(4/j)?
13
Let t(r) be the second derivative of -r**3/6 + 2*r**2 + 2*r. Let b be t(-4). Let y(s) = s - 5. What are the prime factors of y(b)?
3
Let v = 42 + -34. What are the prime factors of v?
2
Suppose 0 = 3*z + 2*z - 5*p - 330, -p = 4. Suppose -5*c + 13 = -z. Suppose -c + 6 = -3*x. List the prime factors of x.
3
What are the prime factors of 9 - (-5 + 2)/(-3)?
2
Suppose -150 = o + 4*o. What are the prime factors of ((-20)/25)/(2/o)?
2, 3
Let s(w) = 4*w**3 + 5*w**2 - w + 5. List the prime factors of s(4).
337
List the prime factors of ((-4)/(-3))/(20/75).
5
Suppose 4*v = q + q + 64, 5*q = -2*v + 8. Suppose 0 = -5*u - 5*t + 35, 5*t - v = -4*u + 12. List the prime factors of u.
3
Let x(m) = m**2 + 2*m - 3. Let g = -9 + 3. List the prime factors of x(g).
3, 7
Let o be (3/(-2))/(2/28). List the prime factors of (-54)/(-7) + (-6)/o.
2
Suppose -5*i + 502 = 2*t - 0*t, 2*i + t = 201. What are the prime factors of i?
2, 5
Let y(d) = -d - 14. Suppose 0 = 2*r - 2*q + 3 + 1, -r - 3*q = 18. Let g be y(r). Let b = 9 - g. List the prime factors of b.
17
Let d = 25 + 1. List the prime factors of d.
2, 13
Let b(j) = -7*j**3 + j. Let s(t) = -t**3 - 3*t**2 + 4*t - 1. Let c(x) = x - 11. Let z be c(7). Let d be s(z). What are the prime factors of b(d)?
2, 3
Let k(d) be the first derivative of -2*d**2 - 3*d + 1/3*d**3 - 1. What are the prime factors of k(6)?
3
Let i(l) = 11*l + 1. Let x be i(4). Suppose 2*u + 3*u = x. Let n = u + -5. What are the prime factors of n?
2
Let b(k) = 2*k**2 - 6*k - 1. Let j be b(5). Suppose 4*w - 38 = -3*i - 0*i, -3*w = 5*i - 56. Let n = j - i. What are the prime factors of n?
3
Let s(r) = -r**3 - 8*r**2 + 2*r + 5. Let a(g) = g**3 + 9*g**2 - 3*g - 6. Let w(o) = 5*a(o) + 6*s(o). Let f be w(-2). List the prime factors of 5 + 2 + f + -1.
2
Let b(i) = -i**3 - 8*i**2 + 7*i - 9. Let u(q) be the second derivative of -q**4/12 + q**3 - q**2 + 2*q. Let x be u(7). What are the prime factors of b(x)?
3
Suppose 0 = 2*c - 3 + 1. Let t(i) = i**2 - 14 + 5*i**3 + 23 - 9 - i. List the prime factors of t(c).
5
Let g be 1 + -10*(-9)/3. Suppose -5*r + 4 = -g. List the prime factors of r.
7
Let h(o) = -o**2 - 12*o - 5. Let l be (2/(-3))/(6/(-27)). Suppose -d - 2*u - 6 = 0, -5*u - 10 = -d + l*d. What are the prime factors of h(d)?
3, 5
Let w(v) = 2*v**3 + 3*v**2 + v + 2. Let s be w(-3). Let z = -19 - s. List the prime factors of z.
3
Suppose 0*a = a - 2*i - 45, 5*a - i = 216. What are the prime factors of a?
43
Let y(g) = -g**3 + 7*g**2 - 6*g + 6. Let b be y(6). Let m = b - 0. What are the prime factors of m?
2, 3
Let w be (-6)/27 + (-184)/(-18). What are the prime factors of (-6)/w - 492/(-20)?
2, 3
Suppose 1 - 11 = -2*g. Suppose 0 = 2*h - h + 1, -43 = -4*d - g*h. What are the prime factors of d?
2, 3
Let u(q) = -2*q**3 - 2*q**2 + 2*q - 3. Let j be u(-3). Let b(y) = 17*y**3 + 2*y**2 - 1. Let v be b(1). Let l = j - v. What are the prime factors of l?
3
Suppose -5 + 0 = -c. Let w be ((3 - 2) + c)/2. Suppose -w = -z + 2. List the prime factors of z.
5
What are the prime factors of 3/(3 + -6) - -95?
2, 47
Let g = 3 + 3. Let m = 12 - g. Suppose -3*o = -5*o + m. List the prime factors of o.
3
Let i be 1 - (-4)/(1 + 1). Suppose 0 = 5*k - i - 47. What are the prime factors of k?
2, 5
Let c(h) = -h**3 + 7*h**2 - h + 1. Suppose 1 = -3*q + 19. What are the prime factors of c(q)?
31
Let m(r) = 3*r**2 + 2. Let w be m(2). Let o = -49 + w. Let a = o + 54. What are the prime factors of a?
19
Suppose -5*c + 6*c = 0. Suppose 0 = 3*q + 6, -3*q - 4 = j - c*q. List the prime factors of j.
2
Let z = 1 - -1. Suppose h + z*l - 14 = -4, 2 = -h + l. Suppose 4*s - h*s = 24. List the prime factors of s.
2, 3
Suppose h + d = -h + 189, -2*h = 4*d - 204. What are the prime factors of h?
2, 23
Suppose 5*m - m = -4*u + 52, -u - 59 = -5*m. Suppose -2*f + m = a, -2*f + a + 2 = -10. List the prime factors of (-4)/f - 26/(-3).
2
Let y be 0*((-3)/6 + 1). Suppose -3*b + 32 - 2 = y. List the prime factors of b/(-35) + (-79)/(-7).
11
Suppose -b = 2*b. What are the prime factors of 7 + (9/(-3) - b)?
2
Let p(i) = -i - 3*i + 8*i + 2*i. What are the prime factors of p(6)?
2, 3
Let h(y) = -y**3 + 7*y**2 + 6*y - 5. Let v be h(8). Let u = 5 + -12. Let q = u - v. What are the prime factors of q?
2, 7
Suppose g + 2*s = -g + 2, 2*g + 3*s = 1. List the prime factors of g.
2
Let i(d) = 2*d**2 - 33. What are the prime factors of i(6)?
3, 13
Let j = -22 - -55. What are the prime factors of j?
3, 11
Suppose -13*x + 20*x - 161 = 0. List the prime factors of x.
23
Let r be (-8)/2 + 3/(-3). List the prime factors of (-88)/r - (-2)/5.
2, 3
Let n = -24 + 49. What are the prime factors of n?
5
Let r(w) = 6*w**2 - 1. Suppose 5*v - u = 3*v + 20, -5*v - 4*u + 50 = 0. Let o be (-4)/v + (-6)/10. What are the prime factors of r(o)?
5
Let a = 106 + -89. List the prime factors of a.
17
Suppose -4*q - 3*o + 965 = 0, 3*q = -2*q - 3*o + 1204. List the prime factors of q.
239
Suppose -4*a = 16, 10 = 4*x - 2*a + 2. Suppose 3*l + 3*q = 5*q + 118, 3*q + 15 = x. Suppose o = 4*o - l. List the prime factors of o.
2, 3
Suppose 5*u + 100 = u. Let l = -10 - u. What are the prime factors of l?
3, 5
Suppose 3*h - 5*o + 72 = -o, 68 = -4*h - 4*o. Let q be 16/h*10/(-4). Let k = q - 0. What are the prime factors of k?
2
Let z be 2 - ((1 - 3) + 8). Let q = z - -9. Suppose q*m - 26 - 64 = 0. List the prime factors of m.
2, 3
Let w be 3/(-6) + 1/2. Let p = 1 + w. Let q = p + 4. List the prime factors of q.
5
Suppose -315 = 3*i - 6*i. What are the prime factors of i?
3, 5, 7
Let p be (2 + -1)/((-1)/(-5)). Suppose 0 = -5*u - a + 15, -p*u + 7*a + 15 = 3*a. Suppose -u*m = -4*m + 2. List the prime factors of m.
2
Let d(t) = -t**3 + t**2 + 3. Let l be d(0). Let x = 2 + l. List the prime factors of x.
5
Suppose -2*d - 2 = -8. Suppose d*l - l = 10. Suppose 5*h + 120 = l*m, -3*m + 94 = m - 2*h. What are the prime factors of m?
23
Let d = -285 + 189. Let n = -66 - d. Suppose 2*j = -4*g + 54, 5*j + n = -g + 2*g. List the prime factors of g.
3, 5
Let f = 29 + 1. Let t = 65 - f. List the prime factors of t.
5, 7
Suppose -2*n = 3*o - 139, -3*o + 4*o - 5 = 0. List the prime factors of n.
2, 31
Suppose 0 = 4*n - 0*n. Suppose n = w + 3*w. Suppose w = k + 3*k - 44. List the prime factors of k.
11
Suppose -4 = i - 10. What are the prime factors of i?
2, 3
Let w(s) be the third derivative of 1/120*s**6 - 5/6*s**3 - s**2 + 0*s + 1/10*s**5 - 1/12*s**4 + 0. What are the prime factors of w(-6)?
7
Suppose 4*q + 6 = -2*f, -5*f + f - q = 33. Let g = f + 18. What are the prime factors of g?
3
Let p(k) = -k**3 + k**2 + 4*k - 1. Li